2 - 8?
1777
In base 2, what is 1010010 - -100011010001?
100100100011
In base 8, what is -564 + 17313?
16527
In base 9, what is -14 - -1823?
1808
In base 12, what is 59bb - 22?
5999
In base 4, what is -102 + 121303320?
121303212
In base 2, what is 111101010000 - 1101000000?
110000010000
In base 13, what is 5 + -15900c?
-159007
In base 8, what is 3057 - 163?
2674
In base 9, what is 101 + 350?
451
In base 8, what is 1476253 - 4?
1476247
In base 5, what is 14114 - 103?
14011
In base 6, what is 301113 + 15?
301132
In base 4, what is 1322 - -1311312?
1313300
In base 13, what is -c83 - 5?
-c88
In base 15, what is -3 + 1204?
1201
In base 4, what is -10332 - -111?
-10221
In base 12, what is 35b + 7?
366
In base 11, what is -3 + -121040?
-121043
In base 8, what is 64 - 15723?
-15637
In base 5, what is -11203 + -1303?
-13011
In base 8, what is 106150 - -1?
106151
In base 8, what is -5126 + 137?
-4767
In base 5, what is -4 + -3144220?
-3144224
In base 12, what is -679 - -9?
-670
In base 8, what is 127 - -44526?
44655
In base 2, what is -100001011 + 1010100110?
110011011
In base 5, what is 43 + -400400?
-400302
In base 11, what is -178118 + -3?
-178120
In base 4, what is 3010 + 1020?
10030
In base 9, what is -415686 + 3?
-415683
In base 2, what is 1101101000111 + -10010?
1101100110101
In base 6, what is 2030 + -344?
1242
In base 9, what is 707 - -87?
805
In base 8, what is -47 + 51534?
51465
In base 5, what is -102112444 + -22?
-102113021
In base 12, what is bb + -589?
-48a
In base 4, what is 11202 - -3010?
20212
In base 2, what is 100100110100001000 + -110?
100100110100000010
In base 5, what is 4331 + -1224?
3102
In base 3, what is 100101 - -10?
100111
In base 12, what is -991 + 13?
-97a
In base 10, what is -260606 + -1?
-260607
In base 12, what is -5 - -3b80?
3b77
In base 7, what is -165 + 230326?
230131
In base 16, what is 27 + 1d2?
1f9
In base 8, what is -1741 + -67?
-2030
In base 12, what is b + 179749?
179758
In base 5, what is 1 - -4402330?
4402331
In base 9, what is 414 - 8873?
-8458
In base 8, what is -41 + -37?
-100
In base 16, what is 6d2e - 0?
6d2e
In base 3, what is 11220 + -112202021?
-112120101
In base 11, what is -25 + -8a01?
-8a26
In base 5, what is 2303 + -441?
1312
In base 12, what is -50 + -709?
-759
In base 16, what is -1062 - 1?
-1063
In base 2, what is 110 + -110011110110101?
-110011110101111
In base 7, what is 6 - -53165?
53204
In base 10, what is -550 - 3175?
-3725
In base 4, what is -31011303 - 2?
-31011311
In base 2, what is -110101010110010010 - 11?
-110101010110010101
In base 13, what is -5 - 2b104?
-2b109
In base 14, what is 0 - -7bd26?
7bd26
In base 5, what is -130313 - -413?
-124400
In base 2, what is 101001011110 - -10100011?
101100000001
In base 13, what is 9cca - -5?
a002
In base 2, what is -11 - 101100011011?
-101100011110
In base 16, what is -e + -a6e3?
-a6f1
In base 11, what is 6245 - 67?
6189
In base 7, what is -1121 - -1216?
65
In base 15, what is b64 - 12?
b52
In base 3, what is -2102 + 20022?
10220
In base 7, what is -3 - -136212?
136206
In base 11, what is 3a5 + a38?
1332
In base 2, what is 1111101111000 + 10010?
1111110001010
In base 2, what is -100 - -1001000?
1000100
In base 7, what is 0 + 12346?
12346
In base 12, what is -45 + a9?
64
In base 13, what is -61a - -1725?
1108
In base 12, what is 7604 - -27?
762b
In base 16, what is 950 - -1df?
b2f
In base 9, what is 4 + -6862?
-6857
In base 11, what is 107107 - 3?
107104
In base 3, what is 1201101010 - -210?
1201101220
In base 4, what is 1120000200 + 1?
1120000201
In base 9, what is -245335 + -4?
-245340
In base 7, what is 320 - -100?
420
In base 5, what is 12333 - 4112?
3221
In base 14, what is -39b38 + 2?
-39b36
In base 7, what is -25 + -3022?
-3050
In base 3, what is 210 + 11112101000?
11112101210
In base 6, what is 13 + -24110?
-24053
In base 14, what is -3 - -db5?
db2
In base 16, what is 329 - 25d?
cc
In base 9, what is -135 - 2530?
-2665
In base 8, what is 341 - -207?
550
In base 16, what is -1fe8 + 0?
-1fe8
In base 5, what is 21 - -4333?
4404
In base 7, what is 11 + -220016?
-220005
In base 8, what is 133340 + -5?
133333
In base 6, what is -5214 - 20?
-5234
In base 4, what is -12133123 + 10?
-12133113
In base 4, what is 11100320002 - 2?
11100320000
In base 13, what is -166 - -98?
-9b
In base 3, what is 12 - -121102222?
121110011
In base 9, what is -10 - -312427?
312417
In base 4, what is -3011023 - 122?
-3011211
In base 9, what is 204 + -1042?
-737
In base 10, what is -248565 - 3?
-248568
In base 8, what is 105740 - -4?
105744
In base 7, what is 1141350 - -21?
1141401
In base 4, what is -231330 - -2?
-231322
In base 15, what is 242e + -3?
242b
In base 3, what is -2 - 2112100210?
-2112100212
In base 7, what is -36603 + -106?
-40012
In base 6, what is -445 - 34?
-523
In base 16, what is 66 + 140d?
1473
In base 8, what is 653 + 301?
1154
In base 4, what is 130 - -2200130?
2200320
In base 7, what is 66 - -14510?
14606
In base 6, what is 52543 - 12?
52531
In base 9, what is -28 + 50826?
50787
In base 13, what is -194791 - 1?
-194792
In base 12, what is -9 - 2479a?
-247a7
In base 4, what is -20311132 + 10?
-20311122
In base 12, what is 2 - 1331?
-132b
In base 2, what is 1000010111 - -111100000?
1111110111
In base 3, what is 10101 - 111000?
-100122
In base 6, what is -11325 + 22?
-11303
In base 10, what is 2 - -375066?
375068
In base 14, what is d - -19c17?
19c26
In base 2, what is -1000100101 - 11110000?
-1100010101
In base 15, what is 3b - 834?
-7e8
In base 16, what is 1afd + -37?
1ac6
In base 10, what is -1281 - 456?
-1737
In base 3, what is 222122201 - 2?
222122122
In base 15, what is b0 - 188?
-c8
In base 15, what is 2389 + 4?
238d
In base 2, what is -11110111001001 + 1?
-11110111001000
In base 11, what is -11 - -615?
604
In base 10, what is -5846 + -200?
-6046
In base 2, what is 101 + 11010001000100?
11010001001001
In base 9, what is -14407 + -52?
-14460
In base 7, what is -1106 + -50?
-1156
In base 13, what is 4 - 7288?
-7284
In base 5, what is -4 - -313224041?
313224032
In base 4, what is 102 - -102233200?
102233302
In base 15, what is -bd68 - -1b?
-bd4c
In base 6, what is -153110 + -1400?
-154510
In base 3, what is 102101 + 20110?
122211
In base 13, what is -107 + 41?
-96
In base 3, what is 11102110 + 120220?
12000100
In base 10, what is -46880 - 1?
-46881
In base 3, what is -2000 + -1002020121?
-1002022121
In base 15, what is -c3104 + -5?
-c3109
In base 9, what is -163 + -322?
-485
In base 6, what is -1500025 + 3?
-1500022
In base 7, what is -24 - -3144?
3120
In base 3, what is 2011010 - -102000?
2120010
In base 3, what is 20220202112101 - -1?
20220202112102
In base 9, what is -6438 + -5?
-6444
In base 3, what is 20 - 102000?
-101210
In base 13, what is 12 - a910?
-a8cb
In base 15, what is 2 - -34d?
350
In base 10, what is -196668 - 3?
-196671
In base 2, what is -100011011000010111 - 1?
-100011011000011000
In base 4, what is -1 + 1100201031?
1100201030
In base 16, what is 11 - 13e50?
-13e3f
In base 12, what is 0 + 8128b?
8128b
In base 6, what is -21 + 550510?
550445
In base 2, what is -1101 + -100110111001100?
-100110111011001
In base 5, what is 10112 + 2432?
13044
In base 7, what is -142 + -1206?
-1351
In base 6, what is -12 + 205514?
205502
In base 2, what is 111000100100 - 1011111?
110111000101
In base 4, what is -212103 - 302?
-213011
In base 16, what is -56 - -19b?
145
In base 11, what is 80104 + 4?
80108
In base 13, what is 126 - 60b?
-4b5
In base 7, what is 431 + 622?
1353
In base 12, what is 70 - 51?
1b
In base 6, what is 10303142 + -2?
10303140
In base 7, what is 2 - 53304?
-53302
In base 5, what is 10233 + -3200?
2033
In base 10, what is -26 - -3777?
3751
In base 14, what is -4 + -29b2?
-29b6
In base 14, what is -559 - -ad?
-48a
In base 3, what is -100011 - 1000211?
-1100222
In base 13, what is c46 + 404?
134a
In base 14, what is 2b9297 - 2?
2b9295
In base 16, what is 20e7 - 4?
20e3
In base 15, what is -2c5 - 88?
-35d
In base 2, what is -11001 + 111111?
100110
In base 13, what is 6c3 - 15?
6ab
In base 13, what is -165548 - -2?
-165546
In base 6, what is -3 + 1044244?
1044241
In base 2, what is -110110000100 - -10?
-110110000010
In base 10, what is -1139 + -585?
-1724
In base 5, what is -103242323 + 4?
-103242314
In base 12, what is 73 + -4